{"id":451,"date":"2018-11-05T23:33:25","date_gmt":"2018-11-05T22:33:25","guid":{"rendered":"http:\/\/my.haufenlaufen.com\/?page_id=451"},"modified":"2018-11-06T22:28:45","modified_gmt":"2018-11-06T21:28:45","slug":"das-potpurri-archiv","status":"publish","type":"page","link":"https:\/\/my.haufenlaufen.com\/?page_id=451","title":{"rendered":"Potpourri-Archiv"},"content":{"rendered":"<div class=\"pt-cv-wrapper\"><div class=\"pt-cv-view pt-cv-grid pt-cv-colsys pt-cv-nolf\" id=\"pt-cv-view-eff72711u0\"><div data-id=\"pt-cv-page-1\" class=\"pt-cv-page\" data-cvc=\"2\"><div class=\"col-md-6 col-sm-12 col-xs-12 pt-cv-content-item pt-cv-2-col\" ><div class='pt-cv-ifield'><a href=\"https:\/\/my.haufenlaufen.com\/?p=1894\" class=\"_self pt-cv-href-thumbnail pt-cv-thumb-left\" target=\"_self\" ><\/a>\n<h4 class=\"pt-cv-title\"><a href=\"https:\/\/my.haufenlaufen.com\/?p=1894\" class=\"_self\" target=\"_self\" >Das Potpourri 2020<\/a><\/h4>\n<div class=\"pt-cv-content\"><em><strong>M\u00e4nner sind Schweine<\/strong><\/em><br \/>Der ganze Haufen schreit Hurra,<br \/>ein Damenzweigestirn ist da.<br \/>Der Trend wird gerade etabliert,<br \/>auch Nobbi hat sich lang geziert.<br \/>Mit echten Br\u00fcsten, glatten Bein,<br \/>das soll jetzt unser Vorbild sein.<br \/>Und keiner findet\u2019s wirklich schad\u2018,<br \/>es baumelt nichts mehr im Ornat!<br \/>M\u00e4nner sind keine<br \/>Hier in unserm Zweigestirn.<br \/>Wir wollen Br\u00fcste und Beine,<br \/>Sch\u00f6nheit gepaart mit Gehirn. (sagen ...<br \/><div class=\"pt-cv-rmwrap\"><a href=\"https:\/\/my.haufenlaufen.com\/?p=1894\" class=\"_self pt-cv-readmore btn btn-success\" target=\"_self\">Ganzes Potpourri ansehen...<\/a><\/div><\/div><\/div><\/div>\n<div class=\"col-md-6 col-sm-12 col-xs-12 pt-cv-content-item pt-cv-2-col\" ><div class='pt-cv-ifield'><a href=\"https:\/\/my.haufenlaufen.com\/?p=795\" class=\"_self pt-cv-href-thumbnail pt-cv-thumb-left\" target=\"_self\" ><\/a>\n<h4 class=\"pt-cv-title\"><a href=\"https:\/\/my.haufenlaufen.com\/?p=795\" class=\"_self\" target=\"_self\" >Das Potpourri 2019<\/a><\/h4>\n<div class=\"pt-cv-content\"><strong>Die Mumins<\/strong><br \/>Ein Bierchen her, machts euch bequem,<br \/>Denn gleich gibt`s was f\u00fcr euch zu h\u00f6rn<br \/>Mit Brucki, Anki und klein Finn<br \/>Seid ganz leis,<br \/>gleich singen sie.<br \/>Der Traditionschor (Der Traditionschor)<br \/>Der Traditionschor (Der Traditionschor)<br \/>Bla Bla Bla Bla Bla Bla Bla Bla Bla Bla<br \/>La La La La La La La La La La<br \/>Bla Bla Bla Bla ...<br \/><div class=\"pt-cv-rmwrap\"><a href=\"https:\/\/my.haufenlaufen.com\/?p=795\" class=\"_self pt-cv-readmore btn btn-success\" target=\"_self\">Ganzes Potpourri ansehen...<\/a><\/div><\/div><\/div><\/div>\n<div class=\"col-md-6 col-sm-12 col-xs-12 pt-cv-content-item pt-cv-2-col\" ><div class='pt-cv-ifield'><a href=\"https:\/\/my.haufenlaufen.com\/?p=460\" class=\"_self pt-cv-href-thumbnail pt-cv-thumb-left\" target=\"_self\" ><\/a>\n<h4 class=\"pt-cv-title\"><a href=\"https:\/\/my.haufenlaufen.com\/?p=460\" class=\"_self\" target=\"_self\" >Das Potpourri 2018<\/a><\/h4>\n<div class=\"pt-cv-content\"><strong>Bananasong <\/strong>Kakakaka Karneval, kakakaka Karneval <strong>\u00a0<\/strong>KARNEVAL siehst du \u00fcberall Karneval Und alle lachen und sind fr\u00f6hlich Und wir feiern wieder Karneval Kakakarneval <strong>Einen Stern <\/strong>Einen L\u00e4rm der zu euren Ohren dringt weil der Haufen wieder singt damit qu\u00e4ln wir euch heut nacht Einen Wurm der in die Ohren geht die ...<br \/><div class=\"pt-cv-rmwrap\"><a href=\"https:\/\/my.haufenlaufen.com\/?p=460\" class=\"_self pt-cv-readmore btn btn-success\" target=\"_self\">Ganzes Potpourri ansehen...<\/a><\/div><\/div><\/div><\/div>\n<div class=\"col-md-6 col-sm-12 col-xs-12 pt-cv-content-item pt-cv-2-col\" ><div class='pt-cv-ifield'><a href=\"https:\/\/my.haufenlaufen.com\/?p=458\" class=\"_self pt-cv-href-thumbnail pt-cv-thumb-left\" target=\"_self\" ><\/a>\n<h4 class=\"pt-cv-title\"><a href=\"https:\/\/my.haufenlaufen.com\/?p=458\" class=\"_self\" target=\"_self\" >Das Potpourri 2017<\/a><\/h4>\n<div class=\"pt-cv-content\"><strong>Et jitt kei Wood<\/strong> Wir sind Lokalpatriot Mit H\u00e4tz un Siel, der Schal in lila-gelb Alle fiere da in K\u00f6ln In S\u00e4len und am Zoch Doch uns kriegst du hier net fott Wir k\u00f6nn\u2018 euch sagen was uns gef\u00e4llt: Et is so sch\u00f6n in Pullem denn hier hammer bunten Karneval ...<br \/><div class=\"pt-cv-rmwrap\"><a href=\"https:\/\/my.haufenlaufen.com\/?p=458\" class=\"_self pt-cv-readmore btn btn-success\" target=\"_self\">Ganzes Potpourri ansehen...<\/a><\/div><\/div><\/div><\/div>\n<div class=\"col-md-6 col-sm-12 col-xs-12 pt-cv-content-item pt-cv-2-col\" ><div class='pt-cv-ifield'><a href=\"https:\/\/my.haufenlaufen.com\/?p=454\" class=\"_self pt-cv-href-thumbnail pt-cv-thumb-left\" target=\"_self\" ><\/a>\n<h4 class=\"pt-cv-title\"><a href=\"https:\/\/my.haufenlaufen.com\/?p=454\" class=\"_self\" target=\"_self\" >Das Potpourri 2016<\/a><\/h4>\n<div class=\"pt-cv-content\"><strong>Einmarsch:<\/strong> Alalalalalaaf, Alalalalalalalalalalaaf! Come on! Alalalalalaaf, Alalalalalalalalalalaaf HEY! <em>(Sweat)<\/em> <em>\u00a0<\/em> So\u2019n Mist: Wir ham kein Zweigestirn! So\u2019n Mist, wir k\u00f6nnen\u2019s nicht mehr h\u00f6r\u2019n. So\u2019n Mist, niemand hat mehr Zeit, so\u2019n Mist, keiner ist bereit! Zusammen \u2013 ist das ganz egal,<em> <\/em>zusammen \u2013 rocken wir den Saal. Zusammen \u2013 heben wir ...<br \/><div class=\"pt-cv-rmwrap\"><a href=\"https:\/\/my.haufenlaufen.com\/?p=454\" class=\"_self pt-cv-readmore btn btn-success\" target=\"_self\">Ganzes Potpourri ansehen...<\/a><\/div><\/div><\/div><\/div>\n<div class=\"col-md-6 col-sm-12 col-xs-12 pt-cv-content-item pt-cv-2-col\" ><div class='pt-cv-ifield'><a href=\"https:\/\/my.haufenlaufen.com\/?p=447\" class=\"_self pt-cv-href-thumbnail pt-cv-thumb-left\" target=\"_self\" ><\/a>\n<h4 class=\"pt-cv-title\"><a href=\"https:\/\/my.haufenlaufen.com\/?p=447\" class=\"_self\" target=\"_self\" >Das Potpourri 2015<\/a><\/h4>\n<div class=\"pt-cv-content\">Wer steht auf der B\u00fchne und sieht sehr gut aus? Haufenlaufen! In lila und gelb machen wir einen drauf! Haufenlaufen! Die einen sing\u2018 hoch und die anderen tief, Haufenlaufen! Ist uns doch egal es klingt eh alles schief! Haufenlaufen! <em>(\u201eSpongebob Opener\u201c)<\/em> Heut brennt die Lackwurst, Bruder Eichel hinterher. Bringt ihm ...<br \/><div class=\"pt-cv-rmwrap\"><a href=\"https:\/\/my.haufenlaufen.com\/?p=447\" class=\"_self pt-cv-readmore btn btn-success\" target=\"_self\">Ganzes Potpourri ansehen...<\/a><\/div><\/div><\/div><\/div><\/div><\/div><\/div>\n","protected":false},"excerpt":{"rendered":"","protected":false},"author":1,"featured_media":0,"parent":0,"menu_order":0,"comment_status":"closed","ping_status":"closed","template":"","meta":{"jetpack_post_was_ever_published":false,"footnotes":""},"class_list":["post-451","page","type-page","status-publish","hentry"],"jetpack_sharing_enabled":true,"jetpack_shortlink":"https:\/\/wp.me\/PaqijN-7h","jetpack_likes_enabled":true,"_links":{"self":[{"href":"https:\/\/my.haufenlaufen.com\/index.php?rest_route=\/wp\/v2\/pages\/451","targetHints":{"allow":["GET"]}}],"collection":[{"href":"https:\/\/my.haufenlaufen.com\/index.php?rest_route=\/wp\/v2\/pages"}],"about":[{"href":"https:\/\/my.haufenlaufen.com\/index.php?rest_route=\/wp\/v2\/types\/page"}],"author":[{"embeddable":true,"href":"https:\/\/my.haufenlaufen.com\/index.php?rest_route=\/wp\/v2\/users\/1"}],"replies":[{"embeddable":true,"href":"https:\/\/my.haufenlaufen.com\/index.php?rest_route=%2Fwp%2Fv2%2Fcomments&post=451"}],"version-history":[{"count":4,"href":"https:\/\/my.haufenlaufen.com\/index.php?rest_route=\/wp\/v2\/pages\/451\/revisions"}],"predecessor-version":[{"id":558,"href":"https:\/\/my.haufenlaufen.com\/index.php?rest_route=\/wp\/v2\/pages\/451\/revisions\/558"}],"wp:attachment":[{"href":"https:\/\/my.haufenlaufen.com\/index.php?rest_route=%2Fwp%2Fv2%2Fmedia&parent=451"}],"curies":[{"name":"wp","href":"https:\/\/api.w.org\/{rel}","templated":true}]}}