{"id":359,"date":"2018-11-05T17:49:34","date_gmt":"2018-11-05T16:49:34","guid":{"rendered":"http:\/\/my.haufenlaufen.com\/?page_id=359"},"modified":"2018-11-06T22:29:19","modified_gmt":"2018-11-06T21:29:19","slug":"der-traditionschor","status":"publish","type":"page","link":"https:\/\/my.haufenlaufen.com\/?page_id=359","title":{"rendered":"Traditionschor"},"content":{"rendered":"<p style=\"text-align: justify;\">Der Traditionschor der KG Haufenlaufen hat w\u00e4hrend der Session einige Auftritte, viele davon sind schon Tradition. Ja! Richtig gelesen: TraditionsCHOR! Und dieser Chor singt a capella.<\/p>\n<p style=\"text-align: justify;\">Der erste Auftritt des Traditionschors findet immer Anfang Januar beim Dreigestirnsempfang der KG Haufenlaufen in der Hofburg statt. Hier stellt der Traditionschor sein neues Potpourri aus altbekannten, aber umgedichteten Liedern dem jecken Volk vor.<\/p>\n<p style=\"text-align: justify;\">Darauf folgen traditionell die Auftritte beim Mitsingabend der<em>\u00a0&#8220;Jecke[n] H\u00f6hner us Stommeln&#8221;<\/em> sowie beim Fr\u00fchshoppen des <em>&#8220;KC L\u00f6stige Str\u00f6pp&#8221;<\/em>. Bei diesen Auftritten wei\u00df der Traditionschor oft schon vorher ganz genau, welche Zugaben vom Publikum gefordert werden. Vor allem der selbstkritische und augenzwinkernde\u00a0<em>\u201eZoch nach M\u00f6nchengladbach\u201c<\/em> ist beim jecken Publikum in Stommeln sehr beliebt.<\/p>\n<p style=\"text-align: justify;\">Sofern die KG Haufenlaufen ein Zweigestirn hat, darf auch der Auftritt beim traditionellen Schnitzelessen der <em>&#8220;KG Blau-Wei\u00df Sinnersdorf&#8221;<\/em> nicht fehlen. Hier m\u00fcssen alle Tollit\u00e4ten aus dem Stadtgebiet Pulheim bei Spiel und Spa\u00df ihr K\u00f6nnen unter Beweis stellen.<\/p>\n<p style=\"text-align: justify;\">Beim Dreigestirnsempfang des B\u00fcrgermeisters im Dr. Hans-K\u00f6ster-Saal in Pulheim, haufenl\u00e4ufisch auch &#8220;N\u00e4rrisches Parlament&#8221; genannt, tritt der Traditionschor traditionell als kr\u00f6nender Abschluss auf. Danach ziehen die Mitglieder des Traditionschors sowie weitere Haufenl\u00e4ufer um die H\u00e4user und bringen dem Hahn auf dem Marktplatz in alter Tradition ein St\u00e4ndchen.<\/p>\n<p style=\"text-align: justify;\">W\u00e4hrend der Session sind auch die Auftritte beim Fr\u00fchshoppen des<em> &#8220;TC Edelwei\u00df Dansweiler&#8221;<\/em>, bei der Kost\u00fcmsitzung der <em>&#8220;KG Muckefuck&#8221;<\/em> in Dansweiler sowie bei der Karnevalssitzung der <em>&#8220;Alte[n] Herren Vfr Stommeln&#8221;<\/em>, schon Tradition. F\u00fcr die Sitzung der Alte[n] Herren wird der Traditionschor meist nach dem Auftritt schon f\u00fcr das n\u00e4chste Jahr angefragt.<\/p>\n<p style=\"text-align: justify;\">An Weiberfastnacht erfreut der Traditionschor die Jecken mit seinem Auftritt in der Pulheimer Filiale der Volksbank Erft e.G. und danach mit seinem Auftritt im Keller von Josef Klaes in Sinnersdorf.<\/p>\n<p style=\"text-align: justify;\">Auch der Auftritt am Karnevalsfreitag im Pulheimer Pfarrheim hat mittlerweile schon Tradition. Im Anschluss auf der Karnevalsfreitagsparty in der Hofburg der KG Haufenlaufen hat der Traditionschor &#8211; jetzt mit Unterst\u00fctzung aller Anwesenden &#8211; seine letzten Auftritte, denn h\u00e4ufig werden die Lieder der aktuellen und der vergangenen Sessionen sowie altbekannte Karnevalslieder aus Nostalgie und mit einem Tr\u00e4nchen im Auge bei der Nubbelverbrennung gesungen.<\/p>\n<p style=\"text-align: justify;\">Der Traditionschor ist Jahr f\u00fcr Jahr mit seinem jecken und frechen Potpourri im gesamten Stadtgebiet Pulheims unterwegs und verfolgt erfolgreich sein Ziel, die Pulheimer Jecken zu erfreuen.<\/p>\n<p style=\"text-align: justify;\"><strong>Habt Ihr auch Interesse an einem Auftritt des Traditionschors? Oder wollt Ihr sogar mitsingen? Dann meldet Euch bei unserem Bruder Eichel!<\/strong><\/p>\n","protected":false},"excerpt":{"rendered":"<p>Der Traditionschor der KG Haufenlaufen hat w\u00e4hrend der Session einige Auftritte, viele davon sind schon Tradition. Ja! Richtig gelesen: TraditionsCHOR! Und dieser Chor singt a capella. Der erste Auftritt des Traditionschors findet immer Anfang&#46;&#46;&#46;<\/p>\n","protected":false},"author":1,"featured_media":0,"parent":0,"menu_order":0,"comment_status":"closed","ping_status":"closed","template":"","meta":{"jetpack_post_was_ever_published":false,"footnotes":""},"class_list":["post-359","page","type-page","status-publish","hentry"],"jetpack_sharing_enabled":true,"jetpack_shortlink":"https:\/\/wp.me\/PaqijN-5N","jetpack_likes_enabled":true,"_links":{"self":[{"href":"https:\/\/my.haufenlaufen.com\/index.php?rest_route=\/wp\/v2\/pages\/359","targetHints":{"allow":["GET"]}}],"collection":[{"href":"https:\/\/my.haufenlaufen.com\/index.php?rest_route=\/wp\/v2\/pages"}],"about":[{"href":"https:\/\/my.haufenlaufen.com\/index.php?rest_route=\/wp\/v2\/types\/page"}],"author":[{"embeddable":true,"href":"https:\/\/my.haufenlaufen.com\/index.php?rest_route=\/wp\/v2\/users\/1"}],"replies":[{"embeddable":true,"href":"https:\/\/my.haufenlaufen.com\/index.php?rest_route=%2Fwp%2Fv2%2Fcomments&post=359"}],"version-history":[{"count":10,"href":"https:\/\/my.haufenlaufen.com\/index.php?rest_route=\/wp\/v2\/pages\/359\/revisions"}],"predecessor-version":[{"id":543,"href":"https:\/\/my.haufenlaufen.com\/index.php?rest_route=\/wp\/v2\/pages\/359\/revisions\/543"}],"wp:attachment":[{"href":"https:\/\/my.haufenlaufen.com\/index.php?rest_route=%2Fwp%2Fv2%2Fmedia&parent=359"}],"curies":[{"name":"wp","href":"https:\/\/api.w.org\/{rel}","templated":true}]}}